ivided by 22.
0
Suppose -5*r - 430 = -w - 285, 0 = -2*w - 5*r + 395. Calculate the remainder when w is divided by 156.
24
Let i = -2951 + 3252. What is the remainder when i is divided by 22?
15
Suppose -21*r + 10 = -20*r. Suppose 46 = 5*m - 2*i - 2*i, -6 = -m + 4*i. Let a = m + -6. Calculate the remainder when r is divided by a.
2
Let d(j) = -j**3 + 24*j**2 + 95*j + 142. Calculate the remainder when d(27) is divided by 173.
1
Let t = 99 - 96. Suppose -4*b = -p + t, 6*p = 11*p + 5*b - 115. What is the remainder when 71 is divided by p?
14
Let l(n) = n**3 + 27*n**2 + 35*n + 21. Let q be l(-25). Suppose -4*a - 5*g + q = 0, -5*a - g = -337 - 137. What is the remainder when a is divided by 24?
22
Let c = 10 - -1. Let o be 176/(2/1 - 0). Let y = 93 - o. Calculate the remainder when c is divided by y.
1
Suppose 0 = -5*h + 3*k - 16 + 53, -3*h + 11 = k. Let l be (-43)/h + 4*2/(-20). Calculate the remainder when 79 - ((-4)/(-12))/(1/l) is divided by 22.
16
Suppose -5*p + 1118 = 4*s - s, -2*s - 6*p = -748. What is the remainder when 1117 is divided by s?
4
Let b(s) = -70*s + 12. Suppose -2*p = 2*j - 4*j + 8, 5*j - 12 = p. What is the remainder when b(p) is divided by 31?
28
Let t(n) = -3*n**2 - 26*n - 11. Let o = -112 - -139. What is the remainder when o is divided by t(-8)?
2
Let q = -415 - -451. Let l = 86 - q. What is the remainder when l is divided by 29?
21
Suppose 6*f - 2*f = 2*q - 102, 4*f = 4*q - 196. Suppose q*c = 38*c + 270. What is the remainder when c is divided by 17?
13
What is the remainder when ((-2 - -8) + (-5)/(10/146))*-1 is divided by 48?
19
Let h(u) be the third derivative of -u**6/120 - u**5/5 + u**4/6 - 97*u**3/6 - 4*u**2 + 27*u. What is the remainder when h(-13) is divided by 5?
0
Suppose 2*u - 26 = 2*r + 154, -4*u = -3*r - 358. Calculate the remainder when u is divided by (92/10)/((-2)/(-10)).
42
Let a(j) = 2*j**3 - 2*j**2 + 26*j - 59. Let u be a(8). Suppose -c - u = -5*l, 0 = -2*l - 2*c + 6*c + 436. Calculate the remainder when l is divided by 54.
46
Let k(a) = a**2 - 9*a + 23. Let p be k(9). Let l(i) = i**3 - 25*i**2 + 46*i + 8. What is the remainder when 26 is divided by l(p)?
2
Calculate the remainder when ((-101516)/(-1476))/(4/10 + 13/(-45)) is divided by 132.
91
What is the remainder when 1290 is divided by 4/(-108)*6 - (5 + 9584/(-36))?
246
Suppose -23 - 13 = 3*w - 3*m, 3*w + 5*m + 60 = 0. What is the remainder when 34 is divided by ((-81)/(-27))/(w/9 + 2)?
7
Let k(t) = -20*t - 83. Let c be k(-4). Let z(n) = -n**2 - 45*n - 117. What is the remainder when 194 is divided by z(c)?
5
Let n be ((0 - 1)*2706)/(16/(-32)). Suppose 18*d = 51*d - n. Calculate the remainder when d is divided by 14.
10
Let h = -82 + 78. Calculate the remainder when (2 + 2)*(-62)/h is divided by 17.
11
Suppose -4*k - 5*v - 2061 = -8410, -4*v = -5*k + 7926. What is the remainder when k is divided by 25?
11
Let m be (1*-7)/(14/(-70)). Calculate the remainder when 76 - (0 - -7) - (6 - 1) is divided by 10/m + 166/7.
16
Let z = -313 - -349. What is the remainder when 103 is divided by (252/z)/(2/6)?
19
Let d(l) = 2*l**3 + 2*l**2 - 33*l + 46. What is the remainder when 2963 is divided by d(3)?
18
Suppose -q + 16 = 50. Let z = 36 + q. Suppose 0 = -5*j - 5*y + 125, z*j = 4*j - y - 35. Calculate the remainder when 59 is divided by j.
19
Let r(y) = 2*y**3 - 60*y**2 + 60*y + 56. Let w = -57 + 97. What is the remainder when r(29) is divided by w?
34
Let o(m) = -989*m + 340. Calculate the remainder when 1674 is divided by o(0).
314
Suppose -13*i - 14*i - 5*i = -2880. What is the remainder when 163 is divided by i?
73
Let r(u) = -586*u**2 + 4696*u - 11. Let d = -338 - -548. Calculate the remainder when d is divided by r(8).
51
Suppose 7893 = -4*j + w, 4*j - 2*w + 4393 = -3497. What is the remainder when 6/(-14) + j/(-147) is divided by 8?
5
Let v = 19604 + -8573. What is the remainder when v is divided by 17?
15
Suppose -38*v - 40*v - 31*v + 25724 = 0. Calculate the remainder when 6843 is divided by v.
235
Let b(r) = -r**3 - 56*r**2 - 213*r - 190. Calculate the remainder when 243 is divided by b(-52).
33
Let n be (50/15 + -5)/1*-3. Suppose -4*h + 4*t = -522 - 30, 0 = -n*t - 20. What is the remainder when h is divided by 27?
26
Let j(t) = t**3 - 10*t**2 + 6. Let x be j(2). Let m(g) = -2*g - 36. What is the remainder when 46 is divided by m(x)?
14
Let c = 15959 + -15780. What is the remainder when 1260 is divided by c?
7
Suppose 0 = -629*z + 632*z - 114. What is the remainder when 242 is divided by z?
14
Let d = 193 - 166. Suppose 12 = -25*j + d*j. Suppose -33 = -5*x + 4*x. Calculate the remainder when x is divided by j.
3
Suppose 0 = -2*q + 2 + 30. Calculate the remainder when ((-7108)/14)/(-2) + 371/2597 is divided by q.
14
Let i(z) = z**3 + 23*z**2 + 5*z + 99. Calculate the remainder when i(-8) is divided by 20.
19
Let u(a) = 3*a**2 - 62*a + 8. Calculate the remainder when 436 is divided by u(21).
1
Suppose 5*g = 3*g + 282. Calculate the remainder when g is divided by 20677/2291 + (-106)/4187.
6
Let w(z) = -508*z - 851. What is the remainder when w(-2) is divided by 74?
17
Let k = 5135 + -5089. What is the remainder when 417 is divided by k?
3
What is the remainder when 6605/1*((-145)/25 - -6) is divided by 35?
26
Let k be (-68)/(-11) - 24/132. Let m be 204/18 - k/(-9). What is the remainder when 117 is divided by (m/16)/((-2)/(-80))?
27
Suppose 5*l = -r + 351, -l + 239*r + 65 = 234*r. What is the remainder when 357 is divided by l?
7
Suppose 0 = 3*d - 269 - 130. Let i = d + -226. Let b = 60 - i. What is the remainder when b is divided by 39?
36
Calculate the remainder when 18 + 17 + 408 + -18 is divided by 117.
74
Suppose -t - 2*z + 51 = 33, -4*t + 92 = 4*z. What is the remainder when 330 is divided by t?
22
Let i = 102 - -89. Suppose 3*a - i = 31. Let j = -13 - -32. What is the remainder when a is divided by j?
17
Suppose -5*s + 2*s = -2*z + 57, 3*z = 2*s + 98. What is the remainder when 128 is divided by z?
20
Let g = -10492 - -11044. What is the remainder when g is divided by 33?
24
Suppose -2*a + k = -1494, -2*a + 782 = -4*k - 712. Calculate the remainder when a is divided by 126.
117
Let v(s) = -s**2 - 3*s - 1. Let c be v(-1). Suppose 2*n - 3 = c. Suppose 0 = -4*r - n*r + 42. What is the remainder when r is divided by 2?
1
Suppose -68 - 47 = -5*m. Suppose 3*r = s + 98, 5*s - 3*r + 0*r + 454 = 0. Let v = 97 + s. What is the remainder when m is divided by v?
7
What is the remainder when 12660 is divided by (-4284)/833*(-42)/8?
24
Let u = 381 + -377. Suppose -4*a = -u*w + 224, 96 = 9*w - 7*w + 2*a. What is the remainder when w is divided by 18?
16
Suppose -j + 47 = -6. Let u = 82 - j. Calculate the remainder when 98 is divided by u.
11
Let w(j) = -j + 1. Let v(x) = x**3 - 7*x**2 - 8*x + 3. Let b(i) = v(i) + 6*w(i). Calculate the remainder when 217 is divided by b(9).
37
What is the remainder when 400 is divided by (-12)/(453/154 + -3) + 2/(-6)?
195
Let g be 9 - (4 + -2) - -1 - 1. Suppose g*r + 252 = 3*m + 3*r, m - 84 = -r. Calculate the remainder when m is divided by 22.
18
Let w = 19773 - 19045. What is the remainder when 2915 is divided by w?
3
Let d(b) = 4 - 4 - 7*b - 33 - 9. Calculate the remainder when 27 is divided by d(-8).
13
What is the remainder when (2/(-12)*-141)/((-47)/799)*-2 is divided by 21?
1
Suppose 0 = 3*n - 3, -4*o - 3*n - 2*n = -17. Let j(r) = -2*r**2 + 30*r - 20. Let c be j(14). Let s = c - o. What is the remainder when 18 is divided by s?
3
Suppose 3*g + s + 7 = 4*g, 9 = 3*s. Suppose 179 - g = 13*x. What is the remainder when 21 is divided by x?
8
Let s(d) = 271*d - 5599. What is the remainder when s(22) is divided by 144?
75
Let w(g) = 11458*g - 160256. What is the remainder when w(14) is divided by (-3 + 1)/(1/(-40))?
76
Suppose -3*z + 23 = 2. Let m be (-54)/(-3)*7/(-35)*-5. Suppose 0 = 5*b + m*b - 460. Calculate the remainder when b is divided by z.
6
Suppose 28 = -3*r + 40. Let j(s) = 3*s**2 - 2*s - 11. Calculate the remainder when j(r) is divided by 11.
7
Suppose 12 = -11*p + 15*p. Suppose 10*n - 9*n = p. Suppose 5*g + 89 = n*z, 163 = 5*z - g - 0*g. What is the remainder when z is divided by 18?
15
Suppose 388*d + 398*d = 761*d + 35325. Calculate the remainder when d is divided by 11.
5
Suppose -11*l + 32*l - 16 = 13*l. Calculat